k(2).
-11
Suppose 0 = -3*w + 4*i + 22, -19 = -4*w + 4*i + 5. Let y(v) = -v**2 - 1 - 2*v**3 - v**3 + w*v + 5*v**3. Suppose -m - 2*t + t = 0, 2*m + 1 = -3*t. What is y(m)?
2
Let z(u) = -u**2 - 11*u - 11. Let c be z(-9). Let t(f) = -6*f**2 - 6*f - 10. Let y(j) = 4*j**2 + 4*j + 7. Let d(r) = c*y(r) + 5*t(r). What is d(-1)?
-1
Let d(j) = j + 1. Let i(z) = 1. Let w(b) = -5*b - 8. Let v(m) = 6*i(m) + w(m). Let o(s) = -4*d(s) - v(s). Suppose c = -c - 4. Give o(c).
-4
Let h(k) = -k**3 - 3*k**2 + 5*k - 26. Let o be h(-5). Let n(s) = 26*s**3 + 2*s + 1. Give n(o).
-27
Let c = -2 + 27. Let o(g) = 12*g**2 + 12*g**2 - c*g**2. Let m = -14 + 10. Calculate o(m).
-16
Let y(j) be the second derivative of j**4/12 - 5*j**3/6 + 5*j**2 - 6*j - 3. Calculate y(3).
4
Let h be 7*(-15)/(-33) - (-14)/(-77). Let f(a) = -2*a + 16. Give f(h).
10
Let p(q) = q**2 + 4*q - 3. Let d(g) = -4*g - 65. Let z be d(-15). What is p(z)?
2
Let p = -2 + 5. Suppose -2*j - 2*k - 15 = -p*k, 0 = j - k + 8. Let m(u) = -u - 1 - u - 6 + 0*u. Determine m(j).
7
Let p(w) = -w**2 - 5*w + 2. Suppose -x + 4*h + 10 = -4*x, -8 = x - h. Give p(x).
-4
Let f(d) = -5*d**3 - 8*d**2 + 3*d + 9. Let n(v) = v**3 + v**2 - v - 2. Let w(l) = -f(l) - 4*n(l). Calculate w(-3).
5
Let s(k) be the third derivative of -k**5/60 + 2*k**4/3 - 10*k**3/3 - 2*k**2 - 109*k. Determine s(14).
8
Let s(y) = 27*y**2 + 4*y - 45. Let o(q) = -5*q**2 - q + 9. Let z(h) = -11*o(h) - 2*s(h). Give z(0).
-9
Let u(m) = -5*m. Let q be u(-2). Suppose -g + 0*g - 2*c = -q, -g = 3*c - 15. Let j(k) = -k**2 - 7. What is j(g)?
-7
Let r(n) = -7 + 0*n + 3*n + 0*n. Let g = -2995 - -3002. What is r(g)?
14
Let a(l) = l. Let x(r) = -r - 3. Let b = 122 - 124. Let q(u) = b*a(u) - x(u). Suppose 0 = -5*t + 4*g + 30, t - 2*g = 5*t - 24. Calculate q(t).
-3
Suppose 7 = -b + 4*t, -135*b + 132*b - 3*t = 36. Let a(x) = -2*x - 20. Determine a(b).
2
Let p(d) = -d**3 - 2*d**2 - 4*d - 3. Let y(s) = s**2 + 3. Let g be y(-3). Let w = 10 - g. Calculate p(w).
5
Let w be (7*-1 - -1)*83/166. Let g(u) = u**2 + 3*u - 2. Determine g(w).
-2
Let j(n) = -21*n**2 - 5*n. Let x(c) = -5*c**2 - 1. Let p(m) = j(m) - 4*x(m). Suppose 5*b - 17 + 59 = 3*s, -4*s + 10 = b. What is p(b)?
-2
Let c(z) = -z**3 - 3*z**2 + 3*z + 3. Let y(i) = -i**2 - 2*i + 3. Let x be y(-3). Suppose r + 4*n - 17 = 0, -r = -x*r + n - 2. Determine c(r).
-6
Let d = 4 + -1. Let q(z) = 0 + 2*z**2 - d*z - 1 - 4*z**2. Suppose -5*r = 2*b + b + 26, -3*b = -2*r - 2. Calculate q(b).
-3
Let j be -3 - (3 - 78)/3. Let r be 110/(-4) + 33/j. Let x = r - -30. Let z(s) = s**2 - 2*s - 5. What is z(x)?
3
Let c(q) = 2*q**2 + 2*q - 1. Suppose -2*n + a = -4*n + 18, 5*n - 5*a = 45. Let f = 12 - n. Suppose 0 = v + f*w + 15, -31 = 5*v + 4*w - 0*w. Determine c(v).
11
Let h(c) = 3*c**2 + 1. Let q(m) = 10*m**2 + 7*m + 5. Let i(w) = -3*h(w) + q(w). What is i(-3)?
-10
Let j = 20 + -3. Suppose 5*s + 2*p - j = 0, -5*s + s = -4*p - 8. Let n(m) = 4*m**2 - 4 + s - 1 + 0*m**2 - m**3 + 7*m. Calculate n(5).
8
Let v(u) = 141*u**2 - 2*u - 5*u**3 - 140*u**2 + 4*u**3. Suppose 5*s - 7 = -5*r + 2*r, 4*s - 5*r = 13. Calculate v(s).
-8
Let j(p) = -p**3 + p**2 - p. Let a be (-3 - 57/(-21)) + 10/35. Determine j(a).
0
Let c be (66/(-44))/((-3)/(-20)). Let a be 12/30 + (-26)/c. Suppose -5*t = -y + 8, t + a*t = 2*y - 10. Let x(b) = -b**3 + 4*b**2 - 4*b + 1. Determine x(y).
-2
Let u(t) be the third derivative of -17*t**8/20160 - t**6/720 - 7*t**5/60 + 19*t**2. Let b(o) be the third derivative of u(o). Determine b(1).
-18
Let g(m) = 5*m**2 + 8*m. Let t(z) = 2*z**2 + 3*z. Let o(h) = 3*g(h) - 8*t(h). Determine o(-1).
-1
Let q(d) = -d + 3. Let j be q(-2). Suppose 2*h - 5 = -o - 4, -j = -5*o - 4*h. Let p(c) = c**2 - 2 + o + 3 - 5*c + 0. Determine p(5).
2
Suppose -4*y + 16 = -96. Suppose -34*c + 36 = -y*c. Let l(j) = j**3 - 5*j**2 - 6*j + 3. Give l(c).
3
Let d(s) be the first derivative of -2 + 1 + 20 + 2*s**2 + 0*s**2 + 3*s. Determine d(6).
27
Let t = 931 + -936. Let q(j) = -3*j - 16. What is q(t)?
-1
Let v(d) = 7 - 13*d**2 - 10*d + d**3 - 2*d**3 - d. Suppose -32 = 3*c - 4 + 8. Give v(c).
-5
Let m be 1 + -2 - (-1 - -4). Let n(v) be the third derivative of v**4/4 + 5*v**3/6 + v**2 + 3. Calculate n(m).
-19
Let h(s) be the third derivative of -s**4/6 + 19*s**3/6 + 6*s**2. Let p be h(4). Let r(f) = -f**3 + 3*f**2. Give r(p).
0
Let s = -5 - 1. Let h(t) = t**3 + t**2 - 6*t - 11. Let n(c) = c**2 + 2. Let p(z) = -h(z) - 4*n(z). Give p(s).
3
Let n = -470 + 468. Let i(o) = o**3 + 6*o**2 + 2*o - 2. What is i(n)?
10
Let s(b) be the third derivative of -b**4/24 - 7*b**3/2 - 5*b**2 - 7*b. Determine s(-5).
-16
Let a(z) = -6*z**2 - 5*z - 16. Let g(h) = -h**2 - h - 3. Let p be -1*(-3)/(-3)*-2. Let l be -5 + (20/4 - p). Let i(x) = l*a(x) + 11*g(x). Give i(-2).
5
Let f(o) = -3*o - 15. Let r be f(-10). Suppose r - 14 = -x. Let j(n) = 3*n. What is j(x)?
-3
Let z(l) be the first derivative of 0*l**3 - 1/2*l**2 - 1/4*l**4 - 7 - 2*l. Suppose -2 - 4 = 3*w. Give z(w).
8
Let q(t) = -2*t**3 - 3*t**2 - 12*t. Let y(j) = j**3 + j**2 + 2*j. Let o(l) = q(l) + 6*y(l). Determine o(-2).
-20
Let y(t) = t**2 - 12*t + 21. Let n be -22 + 18 + 4/(4/15). Calculate y(n).
10
Let x(z) = -1424*z + 1429*z - z**3 + 3 - 9 - 4*z**2. Let s be 1/(-2) - 45/10. What is x(s)?
-6
Let n(m) be the second derivative of -m**3/3 - 3*m**2/2 + m - 102. Let v(f) = f**3 + 3*f**2 - f - 3. Let w be v(-3). Suppose w = -4*o - 5 - 11. What is n(o)?
5
Let r(h) be the second derivative of h**5/20 - h**4/12 + h**3/3 + 11*h**2/2 - 14*h - 6. What is r(0)?
11
Let p(r) = r + 3. Let i(x) = x**3 - 16*x**2 + 60*x - 4. Let l be i(10). Give p(l).
-1
Let w(o) = 2*o + 26. Let x(c) = -4*c**3 - 30*c**2 - 9*c + 16. Let d be x(-7). Determine w(d).
-12
Let n(f) be the second derivative of f**5/20 + f**4/12 + 19*f**2/2 + 6*f. Let x(w) be the first derivative of n(w). Determine x(-2).
8
Let y(c) = 5*c**3 + 3*c**2 + 5*c - 9. Let l = -23 - -27. Let x(d) = -d**3 + d**2 + 1. Let u(o) = l*x(o) + y(o). Determine u(-6).
1
Let s(n) be the second derivative of n**3/6 + 13*n**2 - 4*n. Let y be 153/(-63) - 3/(-7) - -2. Calculate s(y).
26
Let z be 8/(-12) + 26/(-6). Let v(b) = -2*b**3 - 21*b**2 - 7*b - 25. Let q(f) = -f**3 - 10*f**2 - 3*f - 12. Let a(r) = 13*q(r) - 6*v(r). Determine a(z).
4
Let a(f) = f - 5. Suppose -5 = -5*i + 15. Let h be a(i). Let l(v) = v**2 - 802*v - 803*v + 1605*v - 1. Determine l(h).
0
Let i = -8 - -13. Let o(h) = 3*h + 5. Let m be o(0). Let g(c) = -7 - c - 4 + 19 - m. What is g(i)?
-2
Suppose 79*f - 67*f = -144. Let u(n) = 2*n + 18. Determine u(f).
-6
Let b = -84 + 49. Let k(t) = -t**3 + 17*t**2 + 2*t - 2. Let f be k(17). Let y = f + b. Let s(c) = 2*c**2 + 3*c + 1. Give s(y).
10
Suppose 3*d + 5*q = 40, -q = -2*d + 4*q - 15. Suppose 2*x - 3*z = -2*z - 1, 0 = d*x - 2*z + 3. Let c(p) = -3 + 2 + 2 - p + 0. Give c(x).
2
Let c(a) = -a**2 - 3*a - 1. Let k(w) = 2*w**2 + 5*w + 2. Let o(l) = -7*c(l) - 3*k(l). What is o(-4)?
-7
Let z = -33 - -40. Let t(y) = y**3 - 7*y**2 + 10. Calculate t(z).
10
Let w(q) be the third derivative of -q**6/120 - 7*q**5/60 + q**4/6 - q**3/2 + 21*q**2 - 14*q. Calculate w(-7).
-31
Let h(p) = -4*p - 1. Suppose 0 = -4*a + 6*a - 8. Let u = a - 5. What is h(u)?
3
Let q be 1*110/168 - (-4)/(-7). Let i(v) be the second derivative of -1/2*v**3 + q*v**4 - 2*v + 0 + 3/2*v**2. Calculate i(4).
7
Let c = 334 + -331. Let o(i) = -i + 8. Calculate o(c).
5
Let y = -19 + 20. Let w be (-55)/(-10) - y/2. Let c(u) = 2*u - 5 + u - w*u + 4. Give c(-3).
5
Let o(a) be the second derivative of a**5/10 - a**4/4 - 2*a**3/3 + a**2/2 - 16*a + 2. Give o(3).
16
Let u(q) be the third derivative of 0*q - 1/3*q**3 + 1/24*q**4 - 7*q**2 + 0. Give u(-6).
-8
Suppose -9*y = 15*y + 96. Let t(x) = -x**3 - 5*x**2 - 2*x + 5. Calculate t(y).
-3
Let m(d) be the third derivative of d**4/24 + 5*d**3/6 + 3*d**2. Let k be (-1 - -2)*(17 - 17). Give m(k).
5
Let r(s) = -s + 1. Let w be r(2). Let y(b) be the second derivative of b**3/6 + 2*b. Let a(i) = -6*i - 1. Let f(l) = w*y(l) - a(l). Give f(1).
6
Let o(l) = -8*l + 4. Let y(n) = 13*n - 6. Let a(f) = 8*o(f) + 5*y(f). Calculate a(-12).
-10
Let b(g) = -9 + 1411*g**2 - 3*g + 4*g - 1412*g**2. Let w = 12 + -12. What is b(w)?
-9
Let x(r) = r + 1. Let a(d) = d + 1. Suppose 5*w + 27 = -u + 3, 0 = -w + 4*u - 9. Let h(c) = w*x(c) + 6*a(c).